ommon factor of 215 and 80797.
43
What is the greatest common factor of 349902 and 126?
126
Calculate the greatest common divisor of 37506 and 98.
14
What is the highest common divisor of 4283136 and 144?
144
What is the highest common factor of 4130622 and 54?
54
Calculate the greatest common factor of 6550 and 5250.
50
Calculate the highest common factor of 1139 and 527.
17
What is the greatest common divisor of 10972 and 2756?
52
Calculate the greatest common divisor of 23318 and 8908.
262
Calculate the greatest common divisor of 200 and 19025.
25
What is the highest common divisor of 286 and 3614?
26
What is the highest common divisor of 7995 and 125?
5
What is the greatest common divisor of 144633 and 2442?
111
Calculate the greatest common factor of 5589 and 11454.
69
What is the greatest common divisor of 126 and 75474?
126
Calculate the greatest common divisor of 259754 and 902.
22
What is the greatest common divisor of 20 and 1012980?
20
What is the highest common factor of 8557 and 172?
43
Calculate the greatest common factor of 174148 and 78.
26
Calculate the greatest common factor of 4114 and 26257.
121
Calculate the greatest common divisor of 702 and 71253.
351
Calculate the greatest common factor of 22 and 4290099.
11
What is the highest common divisor of 16120 and 6696?
248
Calculate the greatest common divisor of 884 and 3036982.
442
What is the highest common divisor of 126 and 37359?
63
Calculate the highest common factor of 800 and 1296.
16
Calculate the highest common divisor of 15 and 274605.
15
Calculate the greatest common divisor of 6150 and 930.
30
Calculate the highest common divisor of 145486 and 66.
22
What is the highest common factor of 1350 and 49650?
150
What is the highest common divisor of 4100 and 17548?
164
Calculate the greatest common factor of 72 and 26148.
12
Calculate the greatest common factor of 36935 and 55.
5
What is the highest common factor of 2616819 and 282?
141
What is the greatest common divisor of 1185 and 3478686?
237
What is the greatest common divisor of 777750 and 408?
102
Calculate the highest common divisor of 3468 and 156.
12
Calculate the greatest common factor of 1720 and 1596.
4
What is the highest common divisor of 2345 and 31289?
67
What is the greatest common factor of 5161 and 117?
13
What is the greatest common divisor of 14102 and 594?
22
What is the highest common factor of 40950 and 7245?
315
What is the highest common factor of 182704 and 2128?
304
Calculate the highest common factor of 1 and 13155.
1
Calculate the highest common factor of 18 and 661512.
6
Calculate the greatest common divisor of 8 and 4536.
8
Calculate the highest common divisor of 35188 and 228.
76
Calculate the greatest common factor of 46717 and 685.
137
What is the highest common divisor of 166525 and 625?
25
What is the greatest common divisor of 49368 and 1224?
408
What is the highest common factor of 222012 and 28?
28
Calculate the highest common divisor of 103000 and 2369.
103
What is the highest common factor of 27126 and 477?
9
Calculate the greatest common divisor of 31 and 3786123.
31
What is the greatest common factor of 2375085 and 1146?
573
What is the highest common divisor of 315 and 4039?
7
Calculate the greatest common divisor of 59632 and 16.
16
Calculate the highest common factor of 495673 and 253.
23
Calculate the greatest common divisor of 617045 and 429.
143
Calculate the greatest common factor of 118 and 6041600.
118
Calculate the highest common factor of 10412 and 92948.
76
Calculate the highest common divisor of 441 and 357847.
49
What is the greatest common divisor of 1412122 and 82?
82
Calculate the greatest common factor of 168438 and 12.
6
What is the highest common factor of 2274 and 759895?
379
What is the highest common factor of 86175 and 375?
75
What is the highest common factor of 280 and 35784?
56
Calculate the highest common factor of 26657 and 110561.
437
Calculate the highest common divisor of 71137 and 223.
223
What is the highest common divisor of 11618 and 1256?
314
Calculate the highest common divisor of 1162 and 6643154.
1162
What is the highest common factor of 2 and 2246?
2
What is the highest common factor of 53735 and 165?
55
Calculate the highest common divisor of 395 and 980.
5
What is the highest common factor of 2271472 and 238?
238
What is the highest common divisor of 22804 and 8?
4
What is the highest common factor of 7458 and 2046?
66
Calculate the highest common factor of 193 and 356471.
193
What is the highest common factor of 4533 and 191?
1
Calculate the greatest common divisor of 17 and 135881.
17
What is the highest common divisor of 2592 and 9261?
27
Calculate the highest common divisor of 276 and 52302.
138
Calculate the greatest common divisor of 8 and 20504.
8
What is the highest common divisor of 168380 and 260?
20
What is the greatest common divisor of 2345264 and 184?
184
What is the highest common divisor of 76 and 5116?
4
What is the highest common factor of 1426 and 13578?
62
Calculate the highest common divisor of 328 and 748906.
82
Calculate the greatest common factor of 51216 and 198.
66
What is the greatest common factor of 117758 and 194?
194
Calculate the greatest common divisor of 195 and 51519.
39
Calculate the greatest common divisor of 10763 and 1145.
229
What is the highest common factor of 2712 and 122718?
678
Calculate the highest common factor of 67881 and 1122.
561
Calculate the highest common factor of 37153 and 371.
53
Calculate the highest common divisor of 440 and 167530.
110
What is the highest common divisor of 109 and 241762?
109
What is the highest common factor of 34308 and 180?
36
Calculate the highest common divisor of 96045 and 30.
15
Calculate the highest common factor of 5049 and 5346.
297
Calculate the highest common factor of 4981 and 34.
17
Calculate the greatest common factor of 47805 and 90.
15
Calculate the greatest common divisor of 51 and 4533.
3
Calculate the highest common factor of 5373 and 17711.
199
What is the greatest common factor of 97949 and 369?
41
What is the greatest common factor of 2778 and 225?
3
What is the highest common divisor of 2759772 and 60?
12
Calculate the highest common factor of 5697 and 1665423.
1899
Calculate the greatest common divisor of 1257540 and 300.
60
What is the greatest common factor of 221881 and 253?
253
Calculate the greatest common factor of 1631 and 175.
7
What is the greatest common factor of 771552 and 14382?
846
Calculate the greatest common divisor of 64 and 122064.
16
What is the greatest common divisor of 30 and 78605?
5
Calculate the greatest common divisor of 3685 and 190.
5
What is the highest common divisor of 95232 and 1736?
248
Calculate the highest common factor of 3725 and 2525.
25
What is the greatest common divisor of 50 and 1692?
2
Calculate the highest common divisor of 83 and 121097.
83
What is the greatest common divisor of 42 and 32991?
21
Calculate the greatest common divisor of 640 and 3620.
20
Calculate the greatest common factor of 3969 and 24549.
147
What is the highest common divisor of 248 and 9238?
62
What is the highest common divisor of 5460 and 4524?
156
Calculate the highest common factor of 1956 and 25917.
489
Calculate the highest common factor of 52 and 393718.
26
What is the highest common divisor of 1794 and 1380?
138
Calculate the highest common factor of 7325 and 10841.
293
What is the highest common factor of 6351 and 9198?
219
Calculate the greatest common divisor of 2115555 and 13.
13
Calculate the greatest common factor of 4948 and 5.
1
What is the greatest common factor of 38643 and 99?
33
Calculate the greatest common factor of 126 and 758058.
42
What is the greatest common divisor of 504 and 9954?
126
What is the greatest common factor of 10146 and 2451?
57
Calculate the greatest common divisor of 557 and 558671.
557
Calculate the greatest common factor of 76751 and 6486.
1081
Calculate the highest common divisor of 40 and 16440.
40
What is the greatest common divisor of 152838 and 8064?
126
Calculate the highest common factor of 1096 and 36.
4
Calculate the highest common divisor of 32 and 33636.
4
Calculate the greatest common factor of 256228 and 504.
28
What is the greatest common divisor of 72176 